 are the prime factors of 1395663?
3, 23, 113, 179
List the prime factors of 422234.
2, 23, 67, 137
List the prime factors of 2351228.
2, 11, 53437
What are the prime factors of 15915284?
2, 7, 11, 51673
List the prime factors of 735774.
2, 3, 13, 9433
List the prime factors of 160543.
37, 4339
List the prime factors of 558597.
3, 13, 14323
What are the prime factors of 17509449?
3, 167, 34949
What are the prime factors of 13748689?
13748689
What are the prime factors of 8323018?
2, 11, 103, 3673
What are the prime factors of 2810016?
2, 3, 11, 887
List the prime factors of 250879.
29, 41, 211
List the prime factors of 924586.
2, 13, 43, 827
List the prime factors of 2840946.
2, 3, 103, 4597
List the prime factors of 29939731.
103, 290677
What are the prime factors of 1361633?
7, 13, 1151
What are the prime factors of 621876?
2, 3, 29, 1787
What are the prime factors of 266128?
2, 16633
What are the prime factors of 561467?
127, 4421
List the prime factors of 254281.
254281
What are the prime factors of 2791226?
2, 1395613
What are the prime factors of 16178476?
2, 23, 175853
What are the prime factors of 4117288?
2, 7, 73523
List the prime factors of 789989.
29, 27241
List the prime factors of 2666192.
2, 71, 2347
List the prime factors of 9812042.
2, 4906021
List the prime factors of 190997.
190997
List the prime factors of 2041843.
859, 2377
List the prime factors of 534168.
2, 3, 2473
What are the prime factors of 18846277?
18846277
What are the prime factors of 199800?
2, 3, 5, 37
List the prime factors of 1361734.
2, 11, 17, 331
What are the prime factors of 2356156?
2, 11, 53549
What are the prime factors of 2397426?
2, 3, 399571
What are the prime factors of 10861935?
3, 5, 7, 31, 47, 71
List the prime factors of 119552.
2, 467
List the prime factors of 631561.
7, 12889
What are the prime factors of 378007?
7, 54001
List the prime factors of 1125817.
7, 11, 14621
What are the prime factors of 51923?
137, 379
List the prime factors of 422362.
2, 223, 947
List the prime factors of 8058460.
2, 5, 402923
What are the prime factors of 156206?
2, 83, 941
List the prime factors of 642472.
2, 80309
List the prime factors of 1120364.
2, 7, 40013
What are the prime factors of 6454251?
3, 717139
List the prime factors of 3957661.
59, 67079
What are the prime factors of 15722494?
2, 1783, 4409
List the prime factors of 19231613.
67, 239, 1201
List the prime factors of 5340751.
13, 47, 8741
What are the prime factors of 20130397?
7, 17, 139, 1217
What are the prime factors of 9687820?
2, 5, 691, 701
List the prime factors of 11166026.
2, 5583013
List the prime factors of 39300.
2, 3, 5, 131
List the prime factors of 1255390.
2, 5, 125539
List the prime factors of 692556.
2, 3, 57713
What are the prime factors of 221101?
221101
What are the prime factors of 158789?
97, 1637
What are the prime factors of 7774551?
3, 37, 631
What are the prime factors of 25299041?
25299041
What are the prime factors of 2035242?
2, 3, 11, 19, 541
List the prime factors of 8208512.
2, 13, 4933
What are the prime factors of 718891?
383, 1877
What are the prime factors of 374993?
374993
List the prime factors of 524801.
524801
List the prime factors of 42345.
3, 5, 941
List the prime factors of 189107.
19, 37, 269
List the prime factors of 978082.
2, 7, 19, 3677
What are the prime factors of 7806121?
947, 8243
List the prime factors of 424975.
5, 89, 191
What are the prime factors of 1091906?
2, 53, 10301
List the prime factors of 844615.
5, 251, 673
List the prime factors of 131966.
2, 65983
List the prime factors of 243750.
2, 3, 5, 13
List the prime factors of 417692.
2, 11, 863
What are the prime factors of 12613394?
2, 6306697
List the prime factors of 806257.
806257
List the prime factors of 2270556.
2, 3, 59, 1069
List the prime factors of 4132566.
2, 3, 103, 743
List the prime factors of 66351.
3, 17, 1301
List the prime factors of 33437327.
7, 11, 227, 1913
What are the prime factors of 1887094?
2, 11, 31, 2767
What are the prime factors of 301081?
11, 101, 271
What are the prime factors of 403481?
13, 41, 757
What are the prime factors of 298435?
5, 17, 3511
What are the prime factors of 21967845?
3, 5, 977, 1499
What are the prime factors of 122756?
2, 30689
List the prime factors of 3846504.
2, 3, 293, 547
List the prime factors of 308583.
3, 11, 1039
What are the prime factors of 182750?
2, 5, 17, 43
List the prime factors of 173992.
2, 7, 13, 239
List the prime factors of 5879152.
2, 37, 9931
List the prime factors of 3428393.
293, 11701
List the prime factors of 19604138.
2, 2713, 3613
List the prime factors of 8885673.
3, 19, 17321
What are the prime factors of 16101867?
3, 59, 90971
What are the prime factors of 6017835?
3, 5, 23, 17443
List the prime factors of 465488.
2, 47, 619
List the prime factors of 3809785.
5, 7, 17, 19, 337
List the prime factors of 1936792.
2, 11, 13, 1693
List the prime factors of 20335310.
2, 5, 2033531
What are the prime factors of 4572506?
2, 1459, 1567
What are the prime factors of 955649?
955649
What are the prime factors of 659645?
5, 7, 47, 401
List the prime factors of 80593.
83, 971
List the prime factors of 14716596.
2, 3, 23, 71, 751
List the prime factors of 5065655.
5, 7, 101, 1433
List the prime factors of 11731218.
2, 3, 1955203
What are the prime factors of 722375?
5, 5779
What are the prime factors of 10286499?
3, 3428833
What are the prime factors of 185928?
2, 3, 61, 127
What are the prime factors of 916753?
223, 4111
What are the prime factors of 7844233?
7844233
What are the prime factors of 467926?
2, 43, 5441
What are the prime factors of 5167486?
2, 2583743
What are the prime factors of 7354874?
2, 31, 313, 379
List the prime factors of 521788.
2, 130447
List the prime factors of 7106533.
7, 31, 32749
What are the prime factors of 245249?
23, 10663
List the prime factors of 1867707.
3, 207523
What are the prime factors of 10160416?
2, 7, 67, 677
List the prime factors of 25059759.
3, 1061, 7873
What are the prime factors of 1259385?
3, 5, 113, 743
List the prime factors of 3710513.
43, 86291
What are the prime factors of 4950444?
2, 3, 412537
List the prime factors of 7218972.
2, 3, 193, 1039
What are the prime factors of 27302821?
7, 13, 197, 1523
List the prime factors of 17603608.
2, 11, 200041
What are the prime factors of 4678954?
2, 7, 31, 10781
List the prime factors of 2137366.
2, 7, 11, 13879
What are the prime factors of 26939954?
2, 137, 98321
What are the prime factors of 8772403?
353, 24851
List the prime factors of 196167.
3, 23, 2843
List the prime factors of 970594.
2, 79, 6143
List the prime factors of 3905493.
3, 337, 3863
What are the prime factors of 263872?
2, 7, 19, 31
What are the prime factors of 13800212?
2, 73, 167, 283
What are the prime factors of 20562599?
20562599
List the prime factors of 637336.
2, 7, 19, 599
What are the prime factors of 13772182?
2, 6886091
What are the prime factors of 16599?
3, 11, 503
List the prime factors of 52872.
2, 3, 2203
List the prime factors of 9755322.
2, 3, 19, 83, 1031
What are the prime factors of 17968?
2, 1123
List the prime factors of 344903.
13, 43, 617
List the prime factors of 149221.
37, 109
What are the prime factors of 308726?
2, 11, 14033
What are the prime factors of 222092?
2, 13, 4271
List the prime factors of 3174277.
1627, 1951
What are the prime factors of 89274?
2, 3, 14879
What are the prime factors of 3139802?
2, 1569901
List the prime factors of 81037.
11, 53, 139
List the prime factors of 269198.
2, 281, 479
List the prime factors of 76748.
2, 7, 2741
What are the prime factors of 530640?
2, 3, 5, 11, 67
What are the prime factors of 919193?
11, 83563
List the prime factors of 2902468.
2, 31, 89, 263
What are the prime factors of 844665?
3, 5, 56311
List the prime factors of 649604.
2, 17, 41, 233
List the prime factors of 3397916.
2, 41, 20719
List the prime factors of 8734423.
29, 349, 863
List the prime factors of 20865116.
2, 19, 293, 937
List the prime factors of 66525.
3, 5, 887
List the prime factors of 785443.
233, 3371
List the prime factors of 130250.
2, 5, 521
What are the prime factors of 232906?
2, 101, 1153
List the prime factors of 897624.
2, 3, 7, 13, 137
List the prime factors of 967685.
5, 103, 